e highest common factor of 5984 and 3366.
374
Calculate the greatest common divisor of 34 and 28743668.
34
Calculate the highest common divisor of 588 and 60123.
147
Calculate the highest common factor of 3587 and 85.
17
What is the highest common factor of 16684 and 688?
172
What is the highest common factor of 1363 and 4747?
47
What is the highest common divisor of 6554 and 377?
29
What is the highest common factor of 21842 and 1141?
163
What is the highest common divisor of 68343 and 26334?
627
What is the greatest common factor of 425 and 279089?
17
What is the highest common factor of 7435 and 15?
5
Calculate the greatest common factor of 1386 and 7700.
154
What is the highest common divisor of 5310 and 11394?
18
Calculate the greatest common divisor of 4029 and 816.
51
Calculate the highest common divisor of 7 and 9023.
7
What is the highest common factor of 92 and 9745468?
92
What is the highest common factor of 9108 and 27577?
253
Calculate the highest common divisor of 2149 and 1050.
7
What is the greatest common divisor of 283357 and 179?
179
Calculate the greatest common divisor of 66429 and 957.
33
What is the highest common factor of 936757 and 141?
47
What is the greatest common factor of 28460 and 1180?
20
What is the highest common factor of 242798 and 146?
146
What is the highest common divisor of 238656 and 9831?
339
Calculate the greatest common factor of 7168 and 320.
64
Calculate the greatest common divisor of 4309 and 279.
31
Calculate the highest common divisor of 59047 and 19826.
431
Calculate the highest common factor of 129 and 38098.
43
What is the highest common divisor of 506 and 778642?
46
What is the highest common divisor of 4002 and 16791?
87
What is the greatest common factor of 372240 and 352?
176
What is the highest common divisor of 306625 and 669?
223
What is the highest common factor of 43369 and 744?
31
Calculate the greatest common divisor of 58020 and 180.
60
Calculate the highest common factor of 72 and 229974.
6
Calculate the highest common divisor of 4 and 23372.
4
What is the highest common divisor of 39574 and 799?
47
What is the highest common divisor of 441 and 491470?
49
Calculate the greatest common divisor of 26103 and 924.
231
What is the greatest common factor of 298548 and 9?
9
Calculate the greatest common factor of 237995 and 10.
5
Calculate the highest common divisor of 647952 and 48.
48
Calculate the greatest common divisor of 1220 and 50210.
10
What is the highest common divisor of 908975 and 15?
5
What is the highest common divisor of 4720 and 140125?
295
What is the highest common divisor of 12905 and 3190?
145
What is the greatest common factor of 4903721 and 37?
37
What is the greatest common factor of 300 and 4400?
100
Calculate the greatest common divisor of 40091 and 47.
47
What is the greatest common factor of 174376 and 8?
8
Calculate the greatest common factor of 89861 and 23.
23
What is the highest common divisor of 7222 and 635850?
314
What is the greatest common factor of 836 and 198284?
76
What is the greatest common divisor of 34121 and 3427?
149
Calculate the highest common factor of 18 and 1470006.
18
What is the greatest common factor of 13254 and 72?
6
What is the highest common factor of 35035 and 46305?
245
Calculate the greatest common divisor of 228 and 1082943.
57
What is the greatest common factor of 24920 and 1680?
280
Calculate the greatest common factor of 800 and 4900.
100
Calculate the greatest common divisor of 18460 and 381980.
1420
What is the greatest common divisor of 931058 and 2?
2
What is the highest common factor of 14368040 and 1640?
1640
Calculate the greatest common factor of 40116 and 12.
12
What is the greatest common divisor of 149621 and 314?
157
Calculate the highest common divisor of 1190 and 306.
34
What is the greatest common divisor of 1034212 and 227?
227
What is the highest common divisor of 1460 and 100448?
292
Calculate the greatest common factor of 9864 and 1812.
12
What is the greatest common divisor of 158466 and 54?
6
What is the highest common factor of 1517 and 3256?
37
What is the highest common factor of 60348 and 45684?
564
Calculate the greatest common divisor of 1 and 2789.
1
Calculate the greatest common divisor of 1 and 5987.
1
Calculate the highest common divisor of 4536 and 56592.
216
What is the highest common divisor of 35 and 1855?
35
Calculate the highest common factor of 54280 and 11092.
236
Calculate the highest common divisor of 23528 and 7888.
136
Calculate the highest common factor of 835415 and 35.
35
What is the highest common divisor of 11748 and 21894?
534
What is the greatest common divisor of 763384 and 296?
296
Calculate the highest common divisor of 4429 and 35947.
103
What is the highest common divisor of 30 and 432846?
6
Calculate the highest common factor of 8604 and 9799.
239
What is the highest common divisor of 15485 and 20?
5
Calculate the highest common divisor of 790 and 98.
2
Calculate the greatest common factor of 37632 and 25284.
588
What is the highest common divisor of 588071 and 216337?
3047
Calculate the greatest common divisor of 275 and 233156.
11
What is the greatest common divisor of 110 and 120945?
55
What is the greatest common factor of 24608 and 2?
2
What is the highest common factor of 30861 and 256032?
1143
Calculate the highest common factor of 15 and 1695.
15
Calculate the highest common divisor of 2828 and 23212.
28
Calculate the greatest common divisor of 4653 and 297.
99
Calculate the greatest common divisor of 24 and 176988.
12
Calculate the highest common factor of 604 and 9815.
151
What is the greatest common factor of 676224 and 36?
36
What is the greatest common divisor of 45 and 4765?
5
What is the highest common factor of 816 and 1593376?
272
What is the greatest common divisor of 20008 and 328?
328
What is the greatest common factor of 1569783 and 3?
3
Calculate the highest common divisor of 723 and 43139.
241
Calculate the greatest common divisor of 54263 and 55.
11
What is the highest common divisor of 148022 and 110677?
679
What is the greatest common divisor of 35490 and 37128?
546
What is the highest common divisor of 19706 and 118?
118
What is the highest common factor of 71386 and 238?
14
What is the greatest common factor of 14915 and 4396?
157
Calculate the greatest common divisor of 21982 and 12.
2
Calculate the highest common factor of 4230 and 12240.
90
Calculate the greatest common factor of 15792831 and 41.
41
What is the highest common divisor of 986 and 3143368?
986
What is the highest common factor of 52 and 4068?
4
What is the highest common divisor of 12 and 1274804?
4
What is the highest common factor of 99 and 1537833?
33
Calculate the greatest common factor of 6454 and 84.
14
Calculate the greatest common factor of 1089 and 36405.
9
Calculate the highest common factor of 1 and 8387.
1
What is the greatest common divisor of 29222 and 1976?
38
Calculate the greatest common factor of 194251 and 47.
47
Calculate the greatest common divisor of 135 and 10665.
135
Calculate the greatest common divisor of 16104 and 73128.
264
What is the highest common divisor of 2640 and 25212?
132
What is the greatest common divisor of 117910 and 130?
130
Calculate the greatest common factor of 126 and 1926.
18
What is the greatest common factor of 31004 and 828?
92
Calculate the highest common divisor of 118513 and 62.
31
What is the greatest common divisor of 144840 and 816?
408
Calculate the greatest common divisor of 932 and 1052.
4
What is the highest common factor of 486 and 2481678?
162
Calculate the highest common factor of 3276 and 1901718.
1638
Calculate the greatest common factor of 23080 and 880.
40
Calculate the greatest common divisor of 1603303 and 358.
179
Calculate the greatest common factor of 130 and 14222.
26
Calculate the highest common factor of 161682 and 6.
6
Calculate the greatest common factor of 1548 and 41108.
172
Calculate the greatest common factor of 2665 and 1690.
65
Calculate the highest common divisor of 59 and 67909.
59
What is the greatest common divisor of 24 and 1452?
12
What is the highest common factor of 36 and 3544?
4
What is the highest common divisor of 244 and 13488320?
244
Calculate the greatest common divisor o